{"id":22,"date":"2026-02-21T14:38:24","date_gmt":"2026-02-21T14:38:24","guid":{"rendered":"https:\/?page_id=22"},"modified":"2026-02-21T14:58:01","modified_gmt":"2026-02-21T14:58:01","slug":"pagamento-mensal","status":"publish","type":"page","link":"https:\/\/binaryelitepro.com\/index.php\/pagamento-mensal\/","title":{"rendered":"PAGAMENTO MENSAL"},"content":{"rendered":"<style>.elementor-22 .elementor-element.elementor-element-afb72fc:not(.elementor-motion-effects-element-type-background), .elementor-22 .elementor-element.elementor-element-afb72fc > .elementor-motion-effects-container > .elementor-motion-effects-layer{background-color:#000000;}.elementor-22 .elementor-element.elementor-element-afb72fc{transition:background 0.3s, border 0.3s, border-radius 0.3s, box-shadow 0.3s;}.elementor-22 .elementor-element.elementor-element-afb72fc > .elementor-background-overlay{transition:background 0.3s, border-radius 0.3s, opacity 0.3s;}.elementor-22 .elementor-element.elementor-element-e358936{text-align:center;}.elementor-22 .elementor-element.elementor-element-e358936 .elementor-heading-title{font-family:\"Sora\", Sans-serif;font-size:27px;font-weight:600;line-height:1.3em;color:#FFFFFF;}.elementor-22 .elementor-element.elementor-element-de992c7:not(.elementor-motion-effects-element-type-background), .elementor-22 .elementor-element.elementor-element-de992c7 > .elementor-motion-effects-container > .elementor-motion-effects-layer{background-color:#040202;}.elementor-22 .elementor-element.elementor-element-de992c7{transition:background 0.3s, border 0.3s, border-radius 0.3s, box-shadow 0.3s;}.elementor-22 .elementor-element.elementor-element-de992c7 > .elementor-background-overlay{transition:background 0.3s, border-radius 0.3s, opacity 0.3s;}.elementor-22 .elementor-element.elementor-element-0e06082:not(.elementor-motion-effects-element-type-background), .elementor-22 .elementor-element.elementor-element-0e06082 > .elementor-motion-effects-container > .elementor-motion-effects-layer{background-color:#000000;}.elementor-22 .elementor-element.elementor-element-0e06082{transition:background 0.3s, border 0.3s, border-radius 0.3s, box-shadow 0.3s;}.elementor-22 .elementor-element.elementor-element-0e06082 > .elementor-background-overlay{transition:background 0.3s, border-radius 0.3s, opacity 0.3s;}.elementor-22 .elementor-element.elementor-element-19c8ad7 .elementor-button{font-size:37px;text-transform:uppercase;}.elementor-22 .elementor-element.elementor-element-19c8ad7 > .elementor-widget-container{border-style:solid;}.elementor-22 .elementor-element.elementor-element-cdbfc80:not(.elementor-motion-effects-element-type-background), .elementor-22 .elementor-element.elementor-element-cdbfc80 > .elementor-motion-effects-container > .elementor-motion-effects-layer{background-color:#060404;}.elementor-22 .elementor-element.elementor-element-cdbfc80{transition:background 0.3s, border 0.3s, border-radius 0.3s, box-shadow 0.3s;}.elementor-22 .elementor-element.elementor-element-cdbfc80 > .elementor-background-overlay{transition:background 0.3s, border-radius 0.3s, opacity 0.3s;}@media(max-width:767px){.elementor-22 .elementor-element.elementor-element-e358936{text-align:center;}.elementor-22 .elementor-element.elementor-element-e358936 .elementor-heading-title{font-size:19px;}}<\/style>\t\t<div data-elementor-type=\"wp-page\" data-elementor-id=\"22\" class=\"elementor elementor-22\" data-elementor-post-type=\"page\">\n\t\t\t\t\t\t<section class=\"elementor-section elementor-top-section elementor-element elementor-element-afb72fc elementor-section-boxed elementor-section-height-default elementor-section-height-default\" data-id=\"afb72fc\" data-element_type=\"section\" data-e-type=\"section\" data-settings=\"{&quot;background_background&quot;:&quot;classic&quot;}\">\n\t\t\t\t\t\t<div class=\"elementor-container elementor-column-gap-default\">\n\t\t\t\t\t<div class=\"elementor-column elementor-col-100 elementor-top-column elementor-element elementor-element-34a3a6f\" data-id=\"34a3a6f\" data-element_type=\"column\" data-e-type=\"column\">\n\t\t\t<div class=\"elementor-widget-wrap elementor-element-populated\">\n\t\t\t\t\t\t<div class=\"elementor-element elementor-element-e358936 elementor-widget elementor-widget-heading\" data-id=\"e358936\" data-element_type=\"widget\" data-e-type=\"widget\" data-widget_type=\"heading.default\">\n\t\t\t\t<div class=\"elementor-widget-container\">\n\t\t\t\t\t<h2 class=\"elementor-heading-title elementor-size-default\"><font color=\"#ffd700\"> Voc\u00ea esta h\u00e1 um passo de ter acesso ao BOT DERIV AUTOMATICO QUE ESTA QUEBRANDO A CORRETORA DERIV !<\/font><font color=\"14e3ad\"> <font color=\"#ffd700\"><\/font><\/font><\/h2>\t\t\t\t<\/div>\n\t\t\t\t<\/div>\n\t\t\t\t\t<\/div>\n\t\t<\/div>\n\t\t\t\t\t<\/div>\n\t\t<\/section>\n\t\t\t\t<section class=\"elementor-section elementor-top-section elementor-element elementor-element-de992c7 elementor-section-full_width elementor-section-height-default elementor-section-height-default\" data-id=\"de992c7\" data-element_type=\"section\" data-e-type=\"section\" data-settings=\"{&quot;background_background&quot;:&quot;classic&quot;}\">\n\t\t\t\t\t\t<div class=\"elementor-container elementor-column-gap-default\">\n\t\t\t\t\t<div class=\"elementor-column elementor-col-100 elementor-top-column elementor-element elementor-element-a9ea6fa\" data-id=\"a9ea6fa\" data-element_type=\"column\" data-e-type=\"column\">\n\t\t\t<div class=\"elementor-widget-wrap elementor-element-populated\">\n\t\t\t\t\t\t<div class=\"elementor-element elementor-element-d470419 elementor-widget elementor-widget-text-editor\" data-id=\"d470419\" data-element_type=\"widget\" data-e-type=\"widget\" data-widget_type=\"text-editor.default\">\n\t\t\t\t<div class=\"elementor-widget-container\">\n\t\t\t\t\t\t\t\t\t<h1 style=\"text-align: center;\"><span style=\"color: #00ff00;\"><strong>PAGAMENTO LICEN\u00c7A MENSAL<\/strong><\/span><\/h1><h2 style=\"text-align: center;\"><span style=\"color: #00ff00;\">EFETUE O PAGAMENTO DO PLANO MENSAL NESTE PIX\u00a0<\/span><\/h2><h1 style=\"text-align: center;\"><span style=\"color: #ffffff;\"><strong>PIX: 44998324014<\/strong><\/span><\/h1><h2 style=\"text-align: center;\"><span style=\"color: #ffff00;\">E CLIQUE NO BOT\u00c3O ABAIXO PARA ENVIAR O COMPROVANTE E TER ACESSO IMEDIATO AO BOT<\/span><\/h2>\t\t\t\t\t\t\t\t<\/div>\n\t\t\t\t<\/div>\n\t\t\t\t\t<\/div>\n\t\t<\/div>\n\t\t\t\t\t<\/div>\n\t\t<\/section>\n\t\t\t\t<section class=\"elementor-section elementor-top-section elementor-element elementor-element-0e06082 elementor-section-boxed elementor-section-height-default elementor-section-height-default\" data-id=\"0e06082\" data-element_type=\"section\" data-e-type=\"section\" data-settings=\"{&quot;background_background&quot;:&quot;classic&quot;}\">\n\t\t\t\t\t\t<div class=\"elementor-container elementor-column-gap-default\">\n\t\t\t\t\t<div class=\"elementor-column elementor-col-100 elementor-top-column elementor-element elementor-element-f596005\" data-id=\"f596005\" data-element_type=\"column\" data-e-type=\"column\">\n\t\t\t<div class=\"elementor-widget-wrap elementor-element-populated\">\n\t\t\t\t\t\t<div class=\"elementor-element elementor-element-19c8ad7 elementor-button-success elementor-align-center elementor-widget elementor-widget-button\" data-id=\"19c8ad7\" data-element_type=\"widget\" data-e-type=\"widget\" data-widget_type=\"button.default\">\n\t\t\t\t<div class=\"elementor-widget-container\">\n\t\t\t\t\t\t\t\t\t<div class=\"elementor-button-wrapper\">\n\t\t\t\t\t<a class=\"elementor-button elementor-button-link elementor-size-sm\" href=\"https:\/\/t.me\/Suportebinaryelite\" target=\"_blank\">\n\t\t\t\t\t\t<span class=\"elementor-button-content-wrapper\">\n\t\t\t\t\t\t\t\t\t<span class=\"elementor-button-text\">ap\u00f3s a compra , clique aqui para receber seu bot<\/span>\n\t\t\t\t\t<\/span>\n\t\t\t\t\t<\/a>\n\t\t\t\t<\/div>\n\t\t\t\t\t\t\t\t<\/div>\n\t\t\t\t<\/div>\n\t\t\t\t\t<\/div>\n\t\t<\/div>\n\t\t\t\t\t<\/div>\n\t\t<\/section>\n\t\t\t\t<section class=\"elementor-section elementor-top-section elementor-element elementor-element-cdbfc80 elementor-section-boxed elementor-section-height-default elementor-section-height-default\" data-id=\"cdbfc80\" data-element_type=\"section\" data-e-type=\"section\" data-settings=\"{&quot;background_background&quot;:&quot;classic&quot;}\">\n\t\t\t\t\t\t<div class=\"elementor-container elementor-column-gap-default\">\n\t\t\t\t\t<div class=\"elementor-column elementor-col-100 elementor-top-column elementor-element elementor-element-116d1f1\" data-id=\"116d1f1\" data-element_type=\"column\" data-e-type=\"column\">\n\t\t\t<div class=\"elementor-widget-wrap\">\n\t\t\t\t\t\t\t<\/div>\n\t\t<\/div>\n\t\t\t\t\t<\/div>\n\t\t<\/section>\n\t\t\t\t<\/div>\n\t\t","protected":false},"excerpt":{"rendered":"<p>Voc\u00ea esta h\u00e1 um passo de ter acesso ao BOT DERIV AUTOMATICO QUE ESTA QUEBRANDO A CORRETORA DERIV ! PAGAMENTO LICEN\u00c7A MENSAL EFETUE O PAGAMENTO DO PLANO MENSAL NESTE PIX\u00a0 PIX: 44998324014 E CLIQUE NO BOT\u00c3O ABAIXO PARA ENVIAR O COMPROVANTE E TER ACESSO IMEDIATO AO BOT ap\u00f3s a compra , clique aqui para receber [&hellip;]<\/p>\n","protected":false},"author":1,"featured_media":0,"parent":0,"menu_order":0,"comment_status":"closed","ping_status":"closed","template":"","meta":{"om_disable_all_campaigns":false,"_monsterinsights_skip_tracking":false,"_monsterinsights_sitenote_active":false,"_monsterinsights_sitenote_note":"","_monsterinsights_sitenote_category":0,"footnotes":""},"class_list":["post-22","page","type-page","status-publish","hentry"],"yoast_head":"<!-- This site is optimized with the Yoast SEO Premium plugin v20.13 (Yoast SEO v20.13) - https:\/\/yoast.com\/wordpress\/plugins\/seo\/ -->\n<title>PAGAMENTO MENSAL - binaryelitepro.com<\/title>\n<meta name=\"robots\" content=\"index, follow, max-snippet:-1, max-image-preview:large, max-video-preview:-1\" \/>\n<link rel=\"canonical\" href=\"https:\/\/binaryelitepro.com\/index.php\/pagamento-mensal\/\" \/>\n<meta property=\"og:locale\" content=\"pt_BR\" \/>\n<meta property=\"og:type\" content=\"article\" \/>\n<meta property=\"og:title\" content=\"PAGAMENTO MENSAL\" \/>\n<meta property=\"og:description\" content=\"Voc\u00ea esta h\u00e1 um passo de ter acesso ao BOT DERIV AUTOMATICO QUE ESTA QUEBRANDO A CORRETORA DERIV ! PAGAMENTO LICEN\u00c7A MENSAL EFETUE O PAGAMENTO DO PLANO MENSAL NESTE PIX\u00a0 PIX: 44998324014 E CLIQUE NO BOT\u00c3O ABAIXO PARA ENVIAR O COMPROVANTE E TER ACESSO IMEDIATO AO BOT ap\u00f3s a compra , clique aqui para receber [&hellip;]\" \/>\n<meta property=\"og:url\" content=\"https:\/\/binaryelitepro.com\/index.php\/pagamento-mensal\/\" \/>\n<meta property=\"og:site_name\" content=\"binaryelitepro.com\" \/>\n<meta property=\"article:modified_time\" content=\"2026-02-21T14:58:01+00:00\" \/>\n<meta name=\"twitter:card\" content=\"summary_large_image\" \/>\n<meta name=\"twitter:label1\" content=\"Est. tempo de leitura\" \/>\n\t<meta name=\"twitter:data1\" content=\"1 minuto\" \/>\n<script type=\"application\/ld+json\" class=\"yoast-schema-graph\">{\"@context\":\"https:\/\/schema.org\",\"@graph\":[{\"@type\":\"WebPage\",\"@id\":\"https:\/\/binaryelitepro.com\/index.php\/pagamento-mensal\/\",\"url\":\"https:\/\/binaryelitepro.com\/index.php\/pagamento-mensal\/\",\"name\":\"PAGAMENTO MENSAL - binaryelitepro.com\",\"isPartOf\":{\"@id\":\"https:\/\/binaryelitepro.com\/#website\"},\"datePublished\":\"2026-02-21T14:38:24+00:00\",\"dateModified\":\"2026-02-21T14:58:01+00:00\",\"breadcrumb\":{\"@id\":\"https:\/\/binaryelitepro.com\/index.php\/pagamento-mensal\/#breadcrumb\"},\"inLanguage\":\"pt-BR\",\"potentialAction\":[{\"@type\":\"ReadAction\",\"target\":[\"https:\/\/binaryelitepro.com\/index.php\/pagamento-mensal\/\"]}]},{\"@type\":\"BreadcrumbList\",\"@id\":\"https:\/\/binaryelitepro.com\/index.php\/pagamento-mensal\/#breadcrumb\",\"itemListElement\":[{\"@type\":\"ListItem\",\"position\":1,\"name\":\"In\u00edcio\",\"item\":\"https:\/\/binaryelitepro.com\/\"},{\"@type\":\"ListItem\",\"position\":2,\"name\":\"PAGAMENTO MENSAL\"}]},{\"@type\":\"WebSite\",\"@id\":\"https:\/\/binaryelitepro.com\/#website\",\"url\":\"https:\/\/binaryelitepro.com\/\",\"name\":\"binaryelitepro.com\",\"description\":\"\",\"publisher\":{\"@id\":\"https:\/\/binaryelitepro.com\/#organization\"},\"potentialAction\":[{\"@type\":\"SearchAction\",\"target\":{\"@type\":\"EntryPoint\",\"urlTemplate\":\"https:\/\/binaryelitepro.com\/?s={search_term_string}\"},\"query-input\":\"required name=search_term_string\"}],\"inLanguage\":\"pt-BR\"},{\"@type\":\"Organization\",\"@id\":\"https:\/\/binaryelitepro.com\/#organization\",\"name\":\"binaryelitepro.com\",\"url\":\"https:\/\/binaryelitepro.com\/\",\"logo\":{\"@type\":\"ImageObject\",\"inLanguage\":\"pt-BR\",\"@id\":\"https:\/\/binaryelitepro.com\/#\/schema\/logo\/image\/\",\"url\":\"https:\/\/binaryelitepro.com\/wp-content\/uploads\/2023\/02\/logo-2.png\",\"contentUrl\":\"https:\/\/binaryelitepro.com\/wp-content\/uploads\/2023\/02\/logo-2.png\",\"width\":545,\"height\":444,\"caption\":\"binaryelitepro.com\"},\"image\":{\"@id\":\"https:\/\/binaryelitepro.com\/#\/schema\/logo\/image\/\"}}]}<\/script>\n<!-- \/ Yoast SEO Premium plugin. -->","yoast_head_json":{"title":"PAGAMENTO MENSAL - binaryelitepro.com","robots":{"index":"index","follow":"follow","max-snippet":"max-snippet:-1","max-image-preview":"max-image-preview:large","max-video-preview":"max-video-preview:-1"},"canonical":"https:\/\/binaryelitepro.com\/index.php\/pagamento-mensal\/","og_locale":"pt_BR","og_type":"article","og_title":"PAGAMENTO MENSAL","og_description":"Voc\u00ea esta h\u00e1 um passo de ter acesso ao BOT DERIV AUTOMATICO QUE ESTA QUEBRANDO A CORRETORA DERIV ! PAGAMENTO LICEN\u00c7A MENSAL EFETUE O PAGAMENTO DO PLANO MENSAL NESTE PIX\u00a0 PIX: 44998324014 E CLIQUE NO BOT\u00c3O ABAIXO PARA ENVIAR O COMPROVANTE E TER ACESSO IMEDIATO AO BOT ap\u00f3s a compra , clique aqui para receber [&hellip;]","og_url":"https:\/\/binaryelitepro.com\/index.php\/pagamento-mensal\/","og_site_name":"binaryelitepro.com","article_modified_time":"2026-02-21T14:58:01+00:00","twitter_card":"summary_large_image","twitter_misc":{"Est. tempo de leitura":"1 minuto"},"schema":{"@context":"https:\/\/schema.org","@graph":[{"@type":"WebPage","@id":"https:\/\/binaryelitepro.com\/index.php\/pagamento-mensal\/","url":"https:\/\/binaryelitepro.com\/index.php\/pagamento-mensal\/","name":"PAGAMENTO MENSAL - binaryelitepro.com","isPartOf":{"@id":"https:\/\/binaryelitepro.com\/#website"},"datePublished":"2026-02-21T14:38:24+00:00","dateModified":"2026-02-21T14:58:01+00:00","breadcrumb":{"@id":"https:\/\/binaryelitepro.com\/index.php\/pagamento-mensal\/#breadcrumb"},"inLanguage":"pt-BR","potentialAction":[{"@type":"ReadAction","target":["https:\/\/binaryelitepro.com\/index.php\/pagamento-mensal\/"]}]},{"@type":"BreadcrumbList","@id":"https:\/\/binaryelitepro.com\/index.php\/pagamento-mensal\/#breadcrumb","itemListElement":[{"@type":"ListItem","position":1,"name":"In\u00edcio","item":"https:\/\/binaryelitepro.com\/"},{"@type":"ListItem","position":2,"name":"PAGAMENTO MENSAL"}]},{"@type":"WebSite","@id":"https:\/\/binaryelitepro.com\/#website","url":"https:\/\/binaryelitepro.com\/","name":"binaryelitepro.com","description":"","publisher":{"@id":"https:\/\/binaryelitepro.com\/#organization"},"potentialAction":[{"@type":"SearchAction","target":{"@type":"EntryPoint","urlTemplate":"https:\/\/binaryelitepro.com\/?s={search_term_string}"},"query-input":"required name=search_term_string"}],"inLanguage":"pt-BR"},{"@type":"Organization","@id":"https:\/\/binaryelitepro.com\/#organization","name":"binaryelitepro.com","url":"https:\/\/binaryelitepro.com\/","logo":{"@type":"ImageObject","inLanguage":"pt-BR","@id":"https:\/\/binaryelitepro.com\/#\/schema\/logo\/image\/","url":"https:\/\/binaryelitepro.com\/wp-content\/uploads\/2023\/02\/logo-2.png","contentUrl":"https:\/\/binaryelitepro.com\/wp-content\/uploads\/2023\/02\/logo-2.png","width":545,"height":444,"caption":"binaryelitepro.com"},"image":{"@id":"https:\/\/binaryelitepro.com\/#\/schema\/logo\/image\/"}}]}},"_links":{"self":[{"href":"https:\/\/binaryelitepro.com\/index.php\/wp-json\/wp\/v2\/pages\/22","targetHints":{"allow":["GET"]}}],"collection":[{"href":"https:\/\/binaryelitepro.com\/index.php\/wp-json\/wp\/v2\/pages"}],"about":[{"href":"https:\/\/binaryelitepro.com\/index.php\/wp-json\/wp\/v2\/types\/page"}],"author":[{"embeddable":true,"href":"https:\/\/binaryelitepro.com\/index.php\/wp-json\/wp\/v2\/users\/1"}],"replies":[{"embeddable":true,"href":"https:\/\/binaryelitepro.com\/index.php\/wp-json\/wp\/v2\/comments?post=22"}],"version-history":[{"count":11,"href":"https:\/\/binaryelitepro.com\/index.php\/wp-json\/wp\/v2\/pages\/22\/revisions"}],"predecessor-version":[{"id":2408,"href":"https:\/\/binaryelitepro.com\/index.php\/wp-json\/wp\/v2\/pages\/22\/revisions\/2408"}],"wp:attachment":[{"href":"https:\/\/binaryelitepro.com\/index.php\/wp-json\/wp\/v2\/media?parent=22"}],"curies":[{"name":"wp","href":"https:\/\/api.w.org\/{rel}","templated":true}]}}